when 544843 is divided by 272092?
659
What is the remainder when 94932725 is divided by 808?
805
What is the remainder when 22833 is divided by 5273?
1741
Calculate the remainder when 36181506 is divided by 753781.
18
What is the remainder when 246364 is divided by 81?
43
Calculate the remainder when 465484 is divided by 883.
143
What is the remainder when 24584195 is divided by 686?
13
What is the remainder when 34942263 is divided by 84?
27
Calculate the remainder when 23932630 is divided by 1245.
1240
What is the remainder when 924559 is divided by 462258?
43
What is the remainder when 1248493 is divided by 268?
149
What is the remainder when 4970304 is divided by 2484985?
334
What is the remainder when 5823029 is divided by 24161?
228
Calculate the remainder when 149230 is divided by 148020.
1210
What is the remainder when 1547419 is divided by 10?
9
Calculate the remainder when 180310 is divided by 49.
39
What is the remainder when 13042999 is divided by 13042977?
22
Calculate the remainder when 1859711 is divided by 48937.
105
What is the remainder when 73404 is divided by 12020?
1284
Calculate the remainder when 776303 is divided by 8923.
2
What is the remainder when 81268193 is divided by 731?
730
Calculate the remainder when 21558 is divided by 20794.
764
Calculate the remainder when 95542 is divided by 23197.
2754
What is the remainder when 215131 is divided by 2306?
673
What is the remainder when 29164317 is divided by 1413?
1410
Calculate the remainder when 10368539 is divided by 468.
467
What is the remainder when 45178555 is divided by 36?
31
Calculate the remainder when 192947 is divided by 145.
97
What is the remainder when 793178535 is divided by 1711?
1710
What is the remainder when 54835131 is divided by 54835102?
29
What is the remainder when 3183203 is divided by 2256?
2243
Calculate the remainder when 8140408 is divided by 1947.
1
Calculate the remainder when 7382430 is divided by 7382422.
8
What is the remainder when 2133444 is divided by 34?
12
What is the remainder when 57053965 is divided by 1257?
1249
What is the remainder when 1828297 is divided by 9233?
163
What is the remainder when 1049854 is divided by 3522?
298
What is the remainder when 231085644 is divided by 13?
10
What is the remainder when 1187743 is divided by 54?
13
What is the remainder when 11828556 is divided by 945?
936
What is the remainder when 922887 is divided by 230710?
47
Calculate the remainder when 200105 is divided by 12503.
57
What is the remainder when 31111746 is divided by 178?
16
Calculate the remainder when 2085761 is divided by 695028.
677
What is the remainder when 2388786 is divided by 2384?
18
What is the remainder when 775856 is divided by 1165?
1131
What is the remainder when 79222 is divided by 1089?
814
What is the remainder when 229819 is divided by 78?
31
What is the remainder when 35123113 is divided by 11?
3
Calculate the remainder when 5420767 is divided by 8.
7
What is the remainder when 39296 is divided by 263?
109
Calculate the remainder when 206723 is divided by 420.
83
What is the remainder when 1255226 is divided by 5785?
5666
Calculate the remainder when 1001977 is divided by 2152.
1297
What is the remainder when 16770281 is divided by 30?
11
Calculate the remainder when 353312 is divided by 194.
38
What is the remainder when 461009 is divided by 148?
137
What is the remainder when 1685414 is divided by 4447?
1
What is the remainder when 54744 is divided by 5772?
2796
What is the remainder when 30012123 is divided by 2082?
93
What is the remainder when 4919141 is divided by 117?
110
What is the remainder when 39468713 is divided by 44?
9
What is the remainder when 1711933 is divided by 17?
16
What is the remainder when 63305 is divided by 480?
425
What is the remainder when 48414298 is divided by 1906?
1898
What is the remainder when 2124671 is divided by 392?
31
What is the remainder when 553781 is divided by 111?
2
Calculate the remainder when 852360 is divided by 2522.
2446
What is the remainder when 8787914 is divided by 7777?
7681
What is the remainder when 51153 is divided by 1704?
33
What is the remainder when 617716 is divided by 18714?
154
Calculate the remainder when 92414 is divided by 46206.
2
Calculate the remainder when 15944131 is divided by 430922.
17
What is the remainder when 17968685 is divided by 1659?
56
Calculate the remainder when 297129 is divided by 2518.
5
What is the remainder when 14283998 is divided by 67061?
5
What is the remainder when 135114 is divided by 80?
74
Calculate the remainder when 95249 is divided by 47538.
173
What is the remainder when 892100 is divided by 17842?
0
Calculate the remainder when 353441 is divided by 10175.
7491
What is the remainder when 677801 is divided by 225859?
224
What is the remainder when 616427878 is divided by 1835?
1833
Calculate the remainder when 157563120 is divided by 1111.
1100
Calculate the remainder when 68675 is divided by 901.
199
What is the remainder when 295450 is divided by 1441?
45
Calculate the remainder when 30660716 is divided by 300.
116
What is the remainder when 10798 is divided by 9546?
1252
What is the remainder when 42628966 is divided by 852?
850
Calculate the remainder when 76672 is divided by 6958.
134
Calculate the remainder when 146365 is divided by 146221.
144
Calculate the remainder when 836414 is divided by 58.
54
Calculate the remainder when 1575578 is divided by 65641.
194
What is the remainder when 1179525 is divided by 2547?
264
What is the remainder when 3418667 is divided by 427333?
3
What is the remainder when 492842 is divided by 14494?
46
Calculate the remainder when 8479068 is divided by 8083.
1
Calculate the remainder when 701109 is divided by 1376.
725
Calculate the remainder when 20116 is divided by 17268.
2848
What is the remainder when 36159 is divided by 36121?
38
What is the remainder when 11688688 is divided by 13328?
32
Calculate the remainder when 14925662 is divided by 52.
50
What is the remainder when 962803 is divided by 3687?
496
Calculate the remainder when 10169085 is divided by 404.
1
Calculate the remainder when 223141 is divided by 8582.
9
What is the remainder when 7262403 is divided by 345828?
15
What is the remainder when 2433680 is divided by 42?
32
Calculate the remainder when 59347011 is divided by 1219.
1215
Calculate the remainder when 49166 is divided by 12234.
230
Calculate the remainder when 112374255 is divided by 86.
33
What is the remainder when 16848383 is divided by 3369673?
18
Calculate the remainder when 55844 is divided by 17395.
3659
What is the remainder when 1980560 is divided by 990275?
10
Calculate the remainder when 513322391 is divided by 76.
75
What is the remainder when 12682153 is divided by 3170535?
13
Calculate the remainder when 6998800 is divided by 2332931.
7
What is the remainder when 142658 is divided by 20197?
1279
Calculate the remainder when 1728191 is divided by 2283.
2243
What is the remainder when 12357256 is divided by 3089310?
16
Calculate the remainder when 1060255 is divided by 7680.
415
What is the remainder when 10331658 is divided by 37?
0
What is the remainder when 28472619 is divided by 115?
114
Calculate the remainder when 61527275 is divided by 7166.
7165
What is the remainder when 64221 is divided by 2391?
2055
What is the remainder when 447626 is divided by 24861?
128
What is the remainder when 86510881 is divided by 11?
6
What is the remainder when 796272 is divided by 738?
708
Calculate the remainder when 1048735 is divided by 7183.
17
Calculate the remainder when 2043903 is divided by 14293.
4
Calculate the remainder when 5106265 is divided by 137998.
339
What is the remainder when 47617206 is divided by 23?
7
Calculate the remainder when 2542663 is divided by 4.
3
Calculate the remainder when 20129805 is divided by 41.
35
Calculate the remainder when 10347206 is divided by 8.
6
Calculate the remainder when 1724778 is divided by 6634.
6572
What is the remainder when 11259 is divided by 10955?
304
What is the remainder when 96420191 is divided by 44?
43
Calculate the remainder when 1038377644 is divided by 18.
16
Calculate the remainder when 23527486 is divided by 6249.
1
What is the remainder when 19929811 is divided by 1649?
